r - 252. Calculate s(5).
-412
Let p(x) = -16*x**3 - 2*x**2 + 11*x - 14. Give p(2).
-128
Let r(d) = 10*d. Calculate r(-3).
-30
Let q(n) = 26*n**2 - 252*n - 22. Determine q(10).
58
Let d(b) = -b**3 - 139*b**2 + 717*b - 432. Determine d(-144).
0
Let k(f) = -200*f - 1736. Give k(-9).
64
Let r(h) = -13*h - 6. Calculate r(-17).
215
Let c(z) = -z**3 + 6*z**2 + 3*z - 9. Give c(0).
-9
Let s(g) = 3*g + 104. What is s(-32)?
8
Let k(j) = -j**2 - j + 371. What is k(-21)?
-49
Let t(u) = 73*u + 168. What is t(2)?
314
Let s(c) = c**3 + 7*c**2 - 7*c - 6. Calculate s(-10).
-236
Let d(t) = t**2 - 28*t - 111. Calculate d(26).
-163
Let w(m) = 68*m + 271. Calculate w(-4).
-1
Let x(n) = -8*n - 378. What is x(-65)?
142
Let u(h) = 11693*h + 35065. Determine u(-3).
-14
Let k(a) = 18*a + 22. Give k(8).
166
Let v(i) = 7*i**2 - 344*i + 683. Calculate v(2).
23
Let i(s) = -s**3 + 27*s**2 + 58*s - 930. Calculate i(28).
-90
Let f(k) = 386*k - 6030. Determine f(16).
146
Let f(j) = 637*j - 4570. Give f(7).
-111
Let d(k) = 65*k + 5374. Calculate d(-83).
-21
Let t(r) = -65*r - 20. What is t(-3)?
175
Let d(l) = -l**2 + 30*l - 145. Determine d(17).
76
Let z(f) = f**3 - 19*f**2 - 13*f + 774. Determine z(17).
-25
Let f(n) = -22*n + 413. What is f(39)?
-445
Let g(j) = -14*j**2 + 23*j - 9. What is g(7)?
-534
Let f(m) = 23*m**2 + 28*m - 66. Give f(3).
225
Let v(d) = -53*d + 3277. Calculate v(62).
-9
Let l(h) = -2*h**3 - 25*h**2 - 89*h - 120. Determine l(-8).
16
Let k(c) = 851*c - 42542. Give k(50).
8
Let i(s) = -s**3 + 7*s**2 - 41*s + 145. Determine i(4).
29
Let f(n) = 2*n**2 + 80*n + 348. What is f(-31)?
-210
Let g(w) = w**3 - 199*w**2 + 395*w + 9. Give g(2).
11
Let s(g) = -57*g**2 + 8*g - 8. Give s(1).
-57
Let y(z) = 38*z + 22. Give y(1).
60
Let g(v) = 2*v**3 - 10*v**2 - 5*v - 4. What is g(4)?
-56
Let y(j) = 152*j**2 + 568*j + 325. Calculate y(-3).
-11
Let v(j) = -16*j - 1323. Give v(-93).
165
Let f(s) = 332*s - 15. What is f(2)?
649
Let f(v) = v**3 - 123*v**2 - 488*v - 2535. Calculate f(127).
5
Let a(t) = -6*t**2 + 380*t - 380. What is a(1)?
-6
Let k(i) = -11*i - 55. Give k(-5).
0
Let a(r) = 749*r - 5235. Calculate a(7).
8
Let b(q) = -2*q**2 - 11*q + 88. Determine b(5).
-17
Let g(r) = -r**3 + 10*r**2 + 47*r + 16. Give g(13).
120
Let t(s) = s**2 + 43*s + 16. Give t(-21).
-446
Let b(m) = 2*m**2 + 13*m - 11. What is b(-16)?
293
Let l(d) = d**2 + 15*d - 33. Determine l(-17).
1
Let g(r) = 21*r + 748. What is g(-36)?
-8
Let d(r) = -3*r + 199. Give d(15).
154
Let w(o) = -3*o**2 + 79*o - 14. What is w(26)?
12
Let f(g) = -215*g - 2134. Calculate f(-10).
16
Let s(w) = -46*w - 471. Determine s(-10).
-11
Let g(s) = 36*s - 142. Give g(7).
110
Let w(s) = -s**3 + 15*s**2 - 38. Calculate w(10).
462
Let s(p) = p**3 - 23*p**2 + 55*p + 112. What is s(20)?
12
Let m(k) = -k**3 + k**2 + 10*k + 19. Calculate m(-3).
25
Let u(c) = -86*c - 11957. Give u(-139).
-3
Let u(y) = 52*y + 992. What is u(-19)?
4
Let h(x) = x**3 + 34*x**2 + 72*x + 32. Give h(-32).
-224
Let g(r) = -311*r + 31730. Determine g(102).
8
Let i(f) = -f**3 - 20*f**2 + 34*f + 21. Give i(-20).
-659
Let i(x) = -x**3 - 78*x**2 + 1287*x + 52. Calculate i(-92).
144
Let r(d) = -757*d - 13626. Determine r(-18).
0
Let c(t) = t**3 + 14*t**2 + t - 2. Give c(-5).
218
Let b(n) = n**3 - 12*n**2 + 13*n - 63. What is b(7)?
-217
Let i(x) = 400*x + 411. Determine i(-1).
11
Let r(d) = -4*d**3 + 56*d**2 - 58*d + 821. Give r(14).
9
Let u(d) = 3*d**2 + 104*d + 23. What is u(-35)?
58
Let t(d) = -3*d**2 - 40*d - 15. What is t(-16)?
-143
Let l(c) = c**3 - c**2 + 28*c - 216. Give l(6).
132
Let h(p) = 12*p**2 - 17*p - 50. Give h(-2).
32
Let v(r) = 22*r - 1. Give v(-4).
-89
Let r(c) = c**2 - 7*c - 40. Determine r(11).
4
Let i(z) = -131*z**3 - 2*z**2 - 4*z - 2. Give i(-1).
131
Let g(n) = n**2 - 6*n - 6. What is g(5)?
-11
Let o(v) = -v**2 - 20*v + 12. Determine o(-25).
-113
Let t(b) = -14*b**2 + 801*b - 179. Give t(57).
-8
Let x(u) = u**3 + 19*u**2 - 47*u - 1. Determine x(-21).
104
Let k(a) = -98*a**2 + 113*a + 221. Calculate k(-2).
-397
Let o(k) = k**3 + 15*k**2 + 7*k + 6. What is o(-14)?
104
Let w(c) = c**3 + 29*c**2 - 29*c + 447. What is w(-30)?
417
Let n(b) = b**2 + b - 141. Calculate n(-12).
-9
Let k(l) = -11*l + 289. Calculate k(43).
-184
Let a(s) = 2*s**3 + 24*s**2 - 40*s + 227. What is a(-14)?
3
Let t(x) = -109*x - 755. Calculate t(-7).
8
Let o(q) = -209*q**2 - 53*q + 53. Calculate o(1).
-209
Let f(j) = -12*j**2 + j - 2. What is f(-2)?
-52
Let k(b) = -3*b**3 + 30*b**2 + 40*b - 434. What is k(10)?
-34
Let l(u) = -2*u**2 - 1040*u + 7384. What is l(7)?
6
Let p(d) = 112*d - 2924. Calculate p(30).
436
Let x(s) = -7*s - 132. Give x(-19).
1
Let l(x) = 220*x + 15546. Give l(-70).
146
Let s(i) = 2*i**3 + 22*i**2 - 83*i + 22. Give s(-14).
8
Let s(b) = 4*b**3 - 19*b**2 + 9*b + 8. Determine s(4).
-4
Let m(p) = -37*p**2 + 93*p - 92. Determine m(1).
-36
Let u(q) = q**2 + 38*q + 366. Determine u(-23).
21
Let l(b) = b**3 + 10*b**2 - 40*b - 10. Calculate l(3).
-13
Let j(m) = 1162*m + 1145. Calculate j(-1).
-17
Let v(r) = 38*r**3 - 3*r**2 - 2*r + 2. What is v(-2)?
-310
Let w(x) = 66*x + 235. Determine w(-3).
37
Let w(k) = -44*k**2 - 2069*k - 44. Determine w(-47).
3
Let a(k) = 158*k + 2851. What is a(-18)?
7
Let y(r) = r**2 + 14*r - 1216. Determine y(29).
31
Let s(r) = 3*r - 34. What is s(0)?
-34
Let z(r) = 59*r - 770. Determine z(13).
-3
Let b(k) = 20*k - 6477. Give b(324).
3
Let q(m) = -44*m**3 - 8*m**2 - 8*m - 1. Determine q(-1).
43
Let q(l) = 136*l + 1064. Give q(-8).
-24
Let p(s) = -4*s - 79. Give p(-14).
-23
Let f(p) = p**3 - 68*p**2 + 370*p + 122. What is f(62)?
-2
Let l(q) = -4*q - 23. Determine l(16).
-87
Let y(u) = -26*u + 1227. Give y(46).
31
Let j(z) = 10*z**2 - 86*z - 174. Give j(-2).
38
Let s(w) = 10*w**2 - 183*w - 141. Calculate s(19).
-8
Let q(v) = -v**2 - 61*v - 946. What is q(-20)?
-126
Let s(i) = -2*i**3 - 27*i**2 - 52*i - 11. Give s(-2).
1
Let k(s) = -3*s**3 + s**2 + 5*s + 134. Give k(0).
134
Let v(p) = p**3 + 3*p**2 + p + 37. Give v(-3).
34
Let w(b) = 11*b**3 + 118*b**2 - 6*b + 58. Calculate w(-11).
-239
Let j(n) = -890*n + 13336. Determine j(15).
-14
Let j(c) = 5*c + 139. What is j(15)?
214
Let x(f) = -31*f + 2606. Determine x(84).
2
Let y(f) = 2*f**3 + 50*f**2 - 329*f - 8199. Give y(-25).
26
Let u(q) = -4*q**3 - 615*q**2 + 776*q + 164. Determine u(-155).
9
Let m(p) = -264*p - 565. Give m(-2).
-37
Let j(l) = 8*l**2 + 23*l - 231. Give j(-7).
0
Let n(w) = -78*w - 1872. What is n(-21)?
-234
Let v(b) = -2*b**3 - 8*b**2 - 24*b - 106. Give v(-5).
64
Let o(r) = 68*r**2 + 2990*r - 102. Give o(-44).
-14
Let k(z) = z**3 - 48*z**2 + 29*z + 904. What is k(47)?
58
Let u(h) = -62*h - 2585. Determine u(-42).
19
Let k(x) = -11*x**3 + 2408*x**2 + 189*x + 6562. Determine k(219).
-8
Let q(b) = -b**3 + 158*b**2 + 467*b + 2570. What is q(161)?
-6
Let g(q) = 3*q**3 - 42*q**2 + 37*q + 36. Give g(13).
10
Let w(l) = 4*l**2 + 840*l + 5671. Give w(-7).
-13
Let q(g) = 3*g**2 - 98*g - 104. Give q(-1).
-3
Let r(a) = -44*a + 6254. Calculate r(142).
6
Let i(b) = b**2 + 82*b - 1883. Determine i(-101).
36
Let t(i) = i + 350. What is t(52)?
402
Let u(t) = 6*t**2 - 262*t - 10. Give u(44).
78
Let q(r) = 53*r - 4121. What is q(80)?
119
Let g(p) = 6*p**2 + 35*p + 84. What is g(-5)?
59
Let a(m) = 7*m**2 + 486*m - 263. Determine a(-70).
17
Let u(y) = y**2 - 42*y + 230. What is u(7)?
-15
Let s(m) = 32*m + 1089. Determine s(-34).
1
Let y(j) = -69*j - 187. Give y(-2).
-49
Let s(z) = -z**3 + 11*z**2 + 8*z - 96. Give s(11).
-8
Let o(j) = 322*j + 10954. What is o(-34)?
6
Let v(y) = -3*y**3 + y**2 - 695*y + 3. What is v(0)?
3
Let n(m) = -m - 285. Calculate n(-27).
-258
Let r(h) = 13*h - 286. What is r(13)?
-117
Let h(p) = -3*p**2 + 159*p - 125. What is h(53)?
-125
Let x(r) = 2*r**3 + 46*r**2 + 43*r + 28. Calculate x(-22).
50
Let x(g) = -2*g**2 + 137*g - 966. What is x(8)?
2
Let x(s) = s + 177. Give x(10).
187
Let h(w) = 2*w**2 + 1018*w + 74750. Give h(-89).
-10
Let x(l) = -74*l + 1266. What is x(27)?
-732
Let h(c) = -4*c**2 + 2972*c + 2971. Give h(-1).
-5
Let a(i) = 4*i**2 + 224*i + 210. Give a(-55).
-10
Let o(n) = 8*n**3 - 87*n**2 + 18*n - 24. What is o(11)?
295
Let l(i) = 9*i**2 - 95*i - 40. Determine l(12).
116
Let p(k) = -124*k - 7811. Calculate p(-63).
1
Let m(o) = 11*o**3 - o**2 - 2*o - 5. Determin